ctors of x.
223
Let b(h) be the first derivative of 3*h**2/2 + 3*h + 2. Suppose -2*k - 4*j + 18 = 0, -39 = 18*k - 20*k + 3*j. List the prime factors of b(k).
2, 3
Suppose 3*c - 942 = -c + 2*s, 0 = -3*c - 4*s + 701. What are the prime factors of c?
5, 47
List the prime factors of (-3358)/115 - -30 - 40736/(-5).
2, 3, 7, 97
Let k = -502 - -74. Let g be (4 + -7 - k) + -3. Suppose g = 3*s - 4*b, 4*s - b = -5*b + 572. What are the prime factors of s?
2, 71
Let m = -61 - -64. Suppose 2*v - 1544 = 5*a, m*a = -v + 5*a + 770. Suppose -5*h + v = -143. What are the prime factors of h?
181
Suppose 1138269 = 353*i - 828647. List the prime factors of i.
2, 7, 199
Let f(z) = -z**3 - 28*z**2 - 27*z - 7. Let s be f(-27). What are the prime factors of -1 + s/(7/(-342))?
11, 31
Let p(m) = -6*m**3 - 29*m**2 + 45*m - 192. What are the prime factors of p(-22)?
2, 5, 31, 157
What are the prime factors of ((-384)/14)/(94/(-26649))?
2, 3
Let l = -3318 + 1995. Let t(c) = -2*c**3 + 3*c**2 - 2*c + 2. Let m be t(2). List the prime factors of (2/m)/(9/l).
7
Suppose 4*s - 191 = -5*t - 11, -5*t = -4*s + 220. Let w = s - 53. What are the prime factors of -2*((-231)/6 + w)?
83
What are the prime factors of -11 + (-21)/((-231)/34694)?
7, 449
Let s(h) = -h - 1. Let p = -4 + -1. Let y be s(p). Suppose -m + 64 - y = 0. List the prime factors of m.
2, 3, 5
Let a = 5051 - -38896. What are the prime factors of a?
3, 19, 257
Suppose -12*y = -8*y - 8. Suppose 3*p = -y*d + 39, -2*d + 9 = -p - 2*p. Suppose d*a - 472 = 4*a. What are the prime factors of a?
59
Suppose -35*c = 17*c + 55*c - 2822767. List the prime factors of c.
23, 31, 37
Let x(q) = 10*q**2 + 121. Let j be x(13). Suppose 10*p = j + 9859. What are the prime factors of p?
3, 389
Let a(k) = -2364*k + 885. What are the prime factors of a(-7)?
3, 13, 149
Let u = -562 - -269. Let h = -91 - u. What are the prime factors of h?
2, 101
Let i be 4 - (-84)/(-20) - (-238)/(-10). List the prime factors of (-8718)/i + (-2)/8.
3, 11
Let c = 5826 - -5. Suppose 8*j - c + 1351 = 0. What are the prime factors of j?
2, 5, 7
Let h = 11787 + -4795. List the prime factors of h.
2, 19, 23
Let n = 242 - 248. List the prime factors of (2/n)/(-5*4/12900).
5, 43
Let p be (1 - 141)/(6328/704 + -9). Suppose 313*h - 305*h - p = 0. What are the prime factors of h?
2, 5, 7, 11
Let p be (0 - (-12)/(-42))/(1/(-7)). List the prime factors of -1*(-451 + p + 0).
449
Let a = -2850 + 3596. List the prime factors of a.
2, 373
Suppose 3*d = -0*f + 2*f - 176, 0 = -2*d - 2*f - 134. Let p = d + 356. List the prime factors of p.
2, 3, 7
Suppose -8*z + 68*z + 2*z = 7998. What are the prime factors of z?
3, 43
Let q(b) = 4397*b**2 + 89*b - 246. What are the prime factors of q(3)?
2, 3, 6599
Let y be (37/1)/(22/220). Let n = y - 259. What are the prime factors of n?
3, 37
Suppose -5*h + 0*m - 3868 = m, -h + 3*m = 780. Let n be 30/26 + -1 - 308/143. List the prime factors of h/n*(-3)/45*-5.
3, 43
Let r(w) be the third derivative of 0*w - w**2 + 5/6*w**4 + 0*w**3 - 1/60*w**5 + 0. List the prime factors of r(18).
2, 3
Let i(s) = 98*s - 28. Let w(o) = -294*o + 86. Let u(d) = -8*i(d) - 3*w(d). What are the prime factors of u(6)?
2, 277
Suppose 3*n = -w + 14, -5*n - 5*w + 35 = -5. Suppose n*c + c - 701 = g, 5*c - 4*g = 890. List the prime factors of c.
2, 3, 29
Suppose -4*m - 3*w = 5399, 0 = m - 0*w + 2*w + 1346. Let i = -933 - m. What are the prime factors of i?
419
Let s be 18/108 + 1/(-6). Suppose -4*h + 406 = 5*l, 12 = 3*h - 0*h. Suppose l = -s*d + d. List the prime factors of d.
2, 3, 13
Suppose -67*z + 58*z = 153. List the prime factors of 438*(-1)/7*(10 + z).
2, 3, 73
Let s(x) = x**3 + 11*x**2 + 9*x - 8. Let q be s(-10). Let g be q*(-2 - 0)*(-1055)/10. Suppose -g = -10*f + 218. List the prime factors of f.
2
Let p(h) = -19673*h - 1906. What are the prime factors of p(-2)?
2, 3, 5, 13
Let c = 485 - 455. Suppose 19530 = c*r + 12*r. List the prime factors of r.
3, 5, 31
Let u(l) be the third derivative of -l**5/40 - l**4 + 2*l**3 + 14*l**2. Let i(n) be the first derivative of u(n). List the prime factors of i(-29).
3, 7
Suppose 5*o = 57*h - 62*h + 274660, -5*h + 274676 = 3*o. What are the prime factors of h?
2, 5, 41, 67
Let n(v) = -4*v**3 + 27*v**2 + 191*v + 28. List the prime factors of n(-13).
2, 3, 227
Suppose -8*g - 101 = 155. Let s = g + 35. Suppose 117 = s*d + 6. What are the prime factors of d?
37
Let t be ((-1)/2)/((-1)/(-144)*8). Let l be (-6)/4*1/(t/3108). List the prime factors of l/((-4)/(-6) - (-24)/18).
7, 37
Let m(v) = -1248*v + 24. Let z be m(-2). Suppose -4*q + 5*h = -9*q + z, 2*q - 2*h = 1028. What are the prime factors of q?
509
Let a(o) = -15*o + 49. Let p be a(3). Suppose p*l + 307 = 5*l - 3*y, 3*l = -4*y + 934. What are the prime factors of l?
2, 5, 31
What are the prime factors of (918/(-357))/(8/(-15428))?
3, 19, 29
Let v be (-1 + -2)/(-18) + (-13)/6. Let w be (-16)/(-56) - v/((-28)/(-38)). List the prime factors of (-188)/(-1) - (-1 - (w - 1)).
191
Suppose 126027 = 39*z - 529368. What are the prime factors of z?
5, 3361
Suppose 5*b - 5*f + 3274 = 14474, 5*b + 6*f - 11244 = 0. List the prime factors of b.
2, 3, 11, 17
Suppose 225*p + 613565 - 4737895 - 140095 = 0. List the prime factors of p.
11, 1723
Let c be (1 - 2/(-1)) + -3. Suppose -17*q + 15*q + 6 = c. Suppose -190 = -q*d + g, 0*g + g - 251 = -4*d. What are the prime factors of d?
3, 7
Let k(v) be the third derivative of -v**6/120 + 7*v**5/10 + v**4 - v**3/3 - 246*v**2. What are the prime factors of k(42)?
2, 503
Suppose q = -0*q + 4*q. Suppose -3*h + 4*h = q. Suppose 19*u - 15*u - 256 = h. List the prime factors of u.
2
Let p = 10297 - 6653. List the prime factors of p.
2, 911
Let q(j) = 6*j**3 - j**2 - j + 3. Let r(p) = -p**3 + p - 1. Let y(g) = q(g) + 3*r(g). Let o be y(2). Suppose x - o = 21. List the prime factors of x.
3, 5
Let m(h) = 7*h**2 - 26*h - 63. Let y(r) = 4*r**2 - 13*r - 31. Let n(w) = -3*m(w) + 5*y(w). What are the prime factors of n(15)?
2
Let s = 2 - 0. Let r be s/(-6) + 10/3. List the prime factors of (-1)/(2/(-294)) - (r - 0).
2, 3
Suppose -2*y = l - 1082, -8*y = 3*l - 12*y - 3206. What are the prime factors of l?
2, 3, 179
Let j(u) = 160*u - 53. Let o be 10/12 - 310/(-60). What are the prime factors of j(o)?
907
Let k = 368 + -5. Suppose k = -19*s + 30*s. Let c = s - -124. What are the prime factors of c?
157
Let l = 399 + -386. Suppose 0 = -7*m - l*m + 19900. What are the prime factors of m?
5, 199
Suppose -4*q = -0*q - 2*r + 838, -5*r - 609 = 3*q. List the prime factors of 7/((-196)/21)*q.
2, 3, 13
Let k = 1904 - 85. Let s = -563 + k. What are the prime factors of s?
2, 157
List the prime factors of ((0 - (7 + -6)) + 176160/(-10))/(-1).
79, 223
Let g(n) = 81*n - 32. Let i(b) = -80*b + 28. Let w(z) = 5*g(z) + 6*i(z). List the prime factors of w(-2).
2, 79
Suppose 0 = -5*m - c + 96715, -6116 + 83482 = 4*m + 2*c. List the prime factors of m.
2, 3, 13, 31
Suppose 7 = 3*t + p - 0*p, 0 = 4*t - 5*p - 22. Suppose 0 = t*y - 4*h + 125, -4*h - 10 = 6. Let v = y - -102. What are the prime factors of v?
5, 11
Suppose q - 3*x = 14, -4*x - 34 - 28 = -3*q. Suppose 0 = q*a - 15853 + 2411. List the prime factors of a.
11, 47
Suppose -2*i + 127 = 3*c, 0 = -c - 3*i - 2*i + 51. Suppose 3*h = -m + 33 + 19, 5*m = -3*h + 296. Let v = m - c. What are the prime factors of v?
2, 5
Suppose 6*b - 1959 = -411. Suppose 16 = m + 4*o - b, 2*o = 10. List the prime factors of m.
2, 127
Let z be (-4)/(-16) + (-1)/(-4)*359. Suppose 914 = -z*y + 92*y. List the prime factors of y.
457
Let x(r) = 30*r**2 + 819*r - 123. List the prime factors of x(-32).
3, 7, 11, 19
Let i = 7 + 1. Suppose -5*o = 4*j + 3, i*o - 6*o + 6 = 0. Suppose 0 = -2*b - 4*p + 182, -j*b + 376 = b - 4*p. List the prime factors of b.
3, 31
Let b(j) = -19*j**3 - 19*j**2 + 31*j + 198. List the prime factors of b(-13).
38327
Let u(w) = -19*w - 280. Let b be u(-15). Suppose 3*m + k = 1064, -338 = -m - 2*k + b*k. List the prime factors of m.
353
Suppose 5*d = -o + 48, -d + 3*d = -2*o + 104. Suppose 0 = 8*j - o - 43. Suppose 3*g - 233 = 4*i - j, 0 = -2*g - 5*i + 132. What are the prime factors of g?
71
Let z be (-9)/(-12)*9 - (-1)/4. Suppose 8*t - z = 7*t. Suppose -t*v + 147 = -0*v. What are the prime factors of v?
3, 7
Let a(z) = -880*z - 2. 